se 15) in base 7?
-3
1320 (base 4) to base 12
a0
What is 1 (base 5) in base 12?
1
Convert 59 (base 10) to base 14.
43
Convert 14 (base 8) to base 5.
22
-333 (base 9) to base 11
-229
Convert 12 (base 5) to base 2.
111
Convert -19 (base 11) to base 5.
-40
Convert -17 (base 8) to base 4.
-33
0 (base 11) to base 9
0
Convert -5b (base 12) to base 8.
-107
Convert -4a (base 11) to base 9.
-60
-38 (base 15) to base 11
-49
-73 (base 9) to base 7
-123
1c (base 16) to base 14
20
What is -c7 (base 15) in base 4?
-2323
-4 (base 14) to base 8
-4
What is 26 (base 15) in base 13?
2a
What is -4 (base 10) in base 9?
-4
What is -69 (base 14) in base 7?
-162
Convert 19 (base 13) to base 5.
42
What is 1020 (base 4) in base 14?
52
Convert 9 (base 11) to base 5.
14
Convert -17 (base 10) to base 14.
-13
What is -1 (base 7) in base 15?
-1
Convert -20 (base 13) to base 16.
-1a
0 (base 15) to base 10
0
What is 100 (base 5) in base 8?
31
Convert 224 (base 12) to base 7.
631
Convert 12 (base 11) to base 16.
d
Convert 8 (base 14) to base 13.
8
What is -2 (base 10) in base 5?
-2
0 (base 15) to base 9
0
-7 (base 15) to base 3
-21
What is 21 (base 8) in base 6?
25
What is -1a (base 15) in base 8?
-31
What is -2 (base 12) in base 15?
-2
-2 (base 3) to base 16
-2
-235 (base 6) to base 14
-6b
Convert -16 (base 15) to base 9.
-23
Convert 2 (base 7) to base 5.
2
What is 19 (base 11) in base 4?
110
-222 (base 6) to base 16
-56
Convert 8 (base 9) to base 4.
20
-13 (base 7) to base 16
-a
What is -240 (base 9) in base 15?
-d3
-18 (base 13) to base 10
-21
Convert 74 (base 12) to base 13.
6a
What is -4 (base 12) in base 6?
-4
3 (base 14) to base 3
10
-33 (base 6) to base 4
-111
What is 15 (base 11) in base 16?
10
What is 2 (base 7) in base 10?
2
What is -1030 (base 4) in base 6?
-204
What is -1 (base 3) in base 15?
-1
Convert 0 (base 3) to base 2.
0
Convert 2 (base 15) to base 12.
2
Convert -9 (base 11) to base 7.
-12
Convert 0 (base 8) to base 2.
0
-42 (base 8) to base 12
-2a
Convert 32 (base 6) to base 4.
110
Convert -1003 (base 4) to base 12.
-57
What is 10011 (base 3) in base 10?
85
Convert 22 (base 13) to base 4.
130
What is -85 (base 12) in base 11?
-92
What is 2 (base 5) in base 13?
2
Convert -96 (base 11) to base 5.
-410
What is -102100 (base 3) in base 15?
-156
What is 11 (base 2) in base 6?
3
What is 1030 (base 4) in base 12?
64
Convert -22 (base 16) to base 4.
-202
What is a6 (base 11) in base 2?
1110100
Convert 3 (base 12) to base 6.
3
Convert -540 (base 8) to base 14.
-1b2
-14 (base 12) to base 8
-20
Convert -1 (base 8) to base 2.
-1
What is 2 (base 11) in base 13?
2
Convert 1 (base 6) to base 10.
1
1312 (base 4) to base 6
314
Convert 0 (base 3) to base 5.
0
What is -8 (base 11) in base 15?
-8
-1001 (base 2) to base 7
-12
Convert 70 (base 9) to base 13.
4b
2 (base 16) to base 13
2
74 (base 15) to base 5
414
-11 (base 11) to base 3
-110
What is 37 (base 14) in base 6?
121
-6 (base 12) to base 16
-6
Convert -8 (base 10) to base 7.
-11
What is 0 (base 16) in base 11?
0
Convert 22 (base 8) to base 5.
33
14 (base 6) to base 3
101
-10 (base 6) to base 5
-11
What is 22 (base 10) in base 5?
42
0 (base 4) to base 5
0
-3 (base 9) to base 4
-3
Convert -14 (base 9) to base 16.
-d
-1b (base 13) to base 11
-22
-2 (base 13) to base 15
-2
What is -1 (base 10) in base 2?
-1
Convert -1 (base 5) to base 4.
-1
What is -5 (base 16) in base 13?
-5
What is -d (base 14) in base 13?
-10
254 (base 7) to base 9
162
What is -3 (base 6) in base 3?
-10
-54 (base 9) to base 13
-3a
Convert -22 (base 4) to base 5.
-20
What is 22 (base 3) in base 4?
20
-175 (base 8) to base 14
-8d
What is 1 (base 4) in base 2?
1
What is -13b (base 12) in base 11?
-164
What is 1 (base 4) in base 12?
1
Convert 130 (base 7) to base 13.
55
5 (base 16) to base 12
5
-9b (base 12) to base 8
-167
What is 15 (base 10) in base 14?
11
What is -4 (base 5) in base 3?
-11
-2 (base 3) to base 7
-2
What is 4 (base 8) in base 12?
4
-1 (base 12) to base 8
-1
-6a (base 16) to base 13
-82
22 (base 5) to base 10
12
Convert -62 (base 7) to base 13.
-35
What is 38 (base 16) in base 9?
62
Convert -6 (base 14) to base 11.
-6
4 (base 9) to base 11
4
-237 (base 8) to base 6
-423
101010111 (base 2) to base 7
1000
10 (base 4) to base 3
11
Convert 16 (base 7) to base 5.
23
Convert 3a (base 16) to base 3.
2011
14 (base 9) to base 15
d
What is b1 (base 14) in base 8?
233
16 (base 16) to base 3
211
What is 10100 (base 2) in base 15?
15
11 (base 2) to base 15
3
What is 45 (base 12) in base 8?
65
What is 2104 (base 5) in base 13?
186
What is 1 (base 3) in base 4?
1
-2 (base 6) to base 2
-10
Convert 36 (base 10) to base 5.
121
Convert -32 (base 5) to base 3.
-122
Convert -11 (base 12) to base 6.
-21
0 (base 11) to base 12
0
Convert 45 (base 7) to base 11.
30
-2 (base 3) to base 11
-2
Convert 154 (base 10) to base 15.
a4
What is -3 (base 11) in base 7?
-3
What is -8 (base 15) in base 9?
-8
What is -21 (base 4) in base 9?
-10
What is -2 (base 15) in base 5?
-2
Convert 32 (base 10) to base 2.
100000
What is 12 (base 16) in base 14?
14
Convert -11 (base 4) to base 11.
-5
Convert -42 (base 8) to base 7.
-46
-33 (base 6) to base 12
-19
63 (base 7) to base 10
45
What is 2 (base 5) in base 12?
2
Convert 0 (base 8) to base 14.
0
Convert -3 (base 8) to base 12.
-3
Convert -1000 (base 2) to base 14.
-8
Convert 110 (base 2) to base 6.
10
Convert -5 (base 15) to base 2.
-101
2 (base 10) to base 2
10
What is 11 (base 6) in base 8?
7
3d (base 16) to base 9
67
What is 15 (base 8) in base 12?
11
3 (base 4) to base 9
3
Convert 17 (base 9) to base 8.
20
19 (base 16) to base 8
31
What is 34 (base 9) in base 8?
37
-101 (base 2) to base 11
-5
What is 100001 (base 2) in base 11?
30
What is 3 (base 5) in base 4?
3
-19 (base 12) to base 7
-30
5d (base 15) to base 9
107
What is 1101 (base 2) in base 14?
d
Convert 21 (base 12) to base 6.
41
-53 (base 7) to base 13
-2c
Convert 9 (base 11) to base 5.
14
What is -20 (base 5) in base 2?
-1010
23 (base 4) to base 8
13
Convert 1 (base 13) to base 14.
1
-12 (base 11) to base 16
-d
-20 (base 3) to base 11
-6
What is 0 (base 7) in base 8?
0
22 (base 6) to base 16
e
-1 (base 3) to base 10
-1
Convert -e1 (base 15) to base 7.
-421
Convert 13 (base 6) to base 2.
1001
Convert 14 (base 8) to base 14.
c
What is -32 (base 5) in base 4?
-101
Convert 1 (base 3) to base 6.
1
Convert 1000 (base 2) to base 10.
8
-13 (base 6) to base 11
-9
What is -3 (base 9) in base 12?
-3
Convert 3 (base 14) to base 10.
3
Convert -1 (base 8) to base 15.
-1
What is -31 (base 10) in base 12?
-27
What is -133 (base 4) in base 9?
-34
What is -4 (base 13) in base 10?
-4
-4 (base 9) to base 8
-4
Convert 6 (base 13) to base 2.
110
12 (base 11) to base 16
d
Convert -8 (base 9) to base 6.
-12
What is -50 (base 7) in base 9?
-38
What is -2 (base 11) in base 7?
-2
Convert 11 (base 7) to base 9.
8
6 (base 14) to base 4
12
-12 (base 3) to base 5
-10
What is a (base 11) in base 6?
14
Convert -300 (base 4) to base 2.
-110000
What is -64 (base 7) in base 2?
-101110
What is 1b (base 12) in base 16?
17
220 (base 7) to base 12
94
What is -17e (base 15) in base 8?
-530
What is 13 (base 7) in base 5?
20
Convert -12 (base 15) to base 9.
-18
2022 (base 3) to base 9
68
-22 (base 8) to base 13
-15
What is -56 (base 8) in base 4?
-232
Convert 3 (base 14) to base 12.
3
Convert 111 (base 2) to base 12.
7
2 (base 6) to base 2
10
What is 13 (base 16) in base 5?
34
What is 23 (base 7) in base 12?
15
-6 (base 16) to base 4
-12
0 (base 5) to base 12
0
-2 (base 13) to base 8
-2
What is -7 (base 10) in base 7?
-10
0 (base 5) to base 6
0
What is 4 (base 6) in base 10?
4
What is -5 (base 13) in base 4?
-11
What is 130 (base 14) in base 15?
10d
Convert 2 (base 7) to base 2.
10
-3 (base 11) to base 5
-3
What is 4a (base 12) in base 6?
134
Convert 232 (base 4) to base 6.
114
Convert -120 (base 5) to base 14.
-27
1101 (base 3) to base 5
122
What is 443 (base 8) in base 9?
353
What is 6 (base 8) in base 4?
12
b (base 13) to base 7
14
61 (base 16) to base 6
241
Convert -5 (base 9) to base 2.
-101
241 (base 6) to base 4
1201
-21 (base 3) to base 7
-10
What is 23 (base 4) in base 11?
10
What is -12 (base 5) in base 11?
-7
165 (base 15) to base 10
320
Convert 11101 (base 2) to base 13.
23
Convert a2 (base 16) to 